-4 - 2 - 0).
11
Evaluate 3 + (1 - 0) + (-10 - -10).
4
What is the value of -18 - -20 - (-1 - -3)?
0
What is the value of (0 - -6) + -3 - 0?
3
Evaluate 4 + 1 + -6 + 0 + 2.
1
What is (5 - 5 - 2) + 3?
1
Calculate -10 + (-1 - -10 - 2) + 4.
1
What is the value of -5 - (23 - 27 - (1 - -1))?
1
What is -6 - 1 - 3 - -7?
-3
-44 + 40 + 0 + -1
-5
9 - (1 + (-3 - -5)) - 3
3
What is 6 - (17 - (-10 - -21))?
0
What is (1 - 2) + (18 - (47 - 20))?
-10
What is the value of -2 - (1 + -4 + (3 - 3))?
1
What is -1 + -3 - (-6 - -5)?
-3
What is 1 + (1 - 3) + (-2 - 2)?
-5
2 - (-10 + 2 + 13)
-3
Evaluate -3 + 4 + 1 + (-4 - -2).
0
Calculate 2 + 1 + -2 + 7 + -3.
5
What is the value of (6 + -8 - -5) + -8?
-5
What is -11 + 9 + 8 - (0 - 4)?
10
9 - ((3 - 7) + 6)
7
Evaluate 1 + 2 + -5 + 7 - 7.
-2
-5 - (0 - 4) - 1
-2
What is the value of (-5 - -1) + 4 - (2 - 0)?
-2
Calculate (1 - 6) + 8 + -6.
-3
Calculate (-14 - -27) + -10 - (-2 - 3).
8
Evaluate 3 - (0 + 11 + -1).
-7
4 + -2 + 2 - (8 + -3)
-1
2 - 1 - (-7 - -8)
0
Evaluate (-1 - 3) + -4 + -4 + 7.
-5
What is (1 + 0 - 4) + 1?
-2
-6 + 6 - (-27 - -20)
7
What is the value of 4 - 1 - (3 + -4) - 5?
-1
Calculate 2 + (-1 - (2 + -1)) - -2.
2
Evaluate 7 - ((-24 - -31) + (0 - 1)).
1
What is the value of -11 - ((-4 - (7 + -1)) + 3)?
-4
(-3 - -2) + 4 + 4 + -3
4
What is the value of 5 - 8 - (-5 + -2)?
4
Calculate 1 - (4 + (0 - -1)).
-4
Calculate 13 + -16 + (3 - (1 - 2)).
1
What is (7 - 5) + (6 - 3)?
5
Calculate -3 - 0 - (1 - (7 + -5)).
-2
15 + -11 - (0 + 8 + -1)
-3
What is the value of 0 + 2 + 4 + -3?
3
(1 - 0) + (134 - 127)
8
(-15 - -7) + 11 - -6
9
Calculate (-2 - 0) + 2 + -1 + -2.
-3
What is 10 + -7 - (-1 - -2)?
2
What is the value of -6 + -1 + 26 + -18?
1
Evaluate 2 - (-2 + (6 - (-4 - -8))).
2
What is (-1 - -1) + -3 + (-7 - -9)?
-1
-19 - (-21 - -10) - -6
-2
3 + 0 - (4 - 11) - 5
5
Evaluate (-3 - 0 - (5 - 1)) + 2.
-5
-5 - (3 + (-8 - -3))
-3
Evaluate -5 + (0 + 4 - (7 - 6)).
-2
What is the value of -3 - ((-5 - (-7 - -3)) + 0)?
-2
Evaluate (1 - -3) + -12 + (-16 - -25).
1
What is the value of 1 + 1 + -10 + 4 + 2?
-2
What is (-3 + 6 - -1) + 1?
5
Evaluate 1 + 4 + -4 + -6.
-5
What is 81 + -68 + (-9 - -1)?
5
Evaluate 14 + (0 - 8) - 6.
0
Calculate (0 - 0) + -15 + 14.
-1
(-3 - -1) + -5 + 3 + 2
-2
What is 4 + (-3 - -2 - (-7 + 10))?
0
Evaluate -110 + 100 - (0 + -16).
6
What is the value of 2 - ((1 - -1) + 0 + -1)?
1
0 + (-2 - (1 - (-2 + 2)))
-3
Calculate 7 + 0 + -3 + -1 + -7.
-4
What is the value of -7 + -2 - (2 + -6)?
-5
What is the value of -47 + 41 - (-8 - 2)?
4
What is -1 + (3 + -3 - (3 + 0))?
-4
What is the value of 10 + 0 + (-4 - 6)?
0
Calculate 5 - (6 - (-1 + 0)).
-2
Calculate 6 + (0 - 7) + 6.
5
(7 - (9 + 6)) + 11
3
What is the value of 53 + -46 + (2 - 1) + -4?
4
What is the value of (10 - 2) + (1 - 5)?
4
-20 + -9 + 18 - -5
-6
What is the value of -7 + 9 + 6 - (-1 + 4)?
5
What is the value of (7 + -8 - 2) + -3?
-6
What is the value of -2 + (-2 - -6 - 4)?
-2
What is 2 + -11 + 3 - -13?
7
Evaluate 19 - 13 - (-2 - -8).
0
-2 + 4 + (1 - 1)
2
Evaluate 2 - (16 + -14 + 3).
-3
Calculate 2 + -9 - (5 + -8).
-4
Calculate 4 + 0 + 5 + 0 + 2.
11
10 + -9 - (-5 - -5)
1
Evaluate (5 - 0) + (-5 - 1).
-1
What is the value of -17 - (-16 + 1 + 6)?
-8
Calculate (1 + 0 - 5) + 9.
5
Calculate 9 - 0 - (-132 + 141).
0
12 - 22 - (4 + -6)
-8
-9 + (-1 - -5) - (-8 + -4)
7
What is the value of (-2 - (-2 - -4)) + -13 + 13?
-4
6 + 1 + -3 + -1 - 7
-4
Evaluate 0 - 3 - (-7 + 0).
4
Evaluate -2 - ((1 - 6) + -8 + 6).
5
Evaluate 4 + -1 + 3 + (0 - 3).
3
What is the value of (-3 - -3) + 4 - (-10 + 23)?
-9
-6 - (0 + (4 - 8))
-2
What is -1 - (-3 + 12 - 4)?
-6
What is -3 - (7 + 2 + -5 - 1)?
-6
What is the value of -9 + 5 + 6 + 3?
5
-6 + 2 + 6 + -1
1
1 + (2 + 2 - 1)
4
What is 6 + 10 + -17 + 7?
6
What is the value of -14 + 3 + 9 + -1 + 4?
1
Calculate 2 - ((-2 - 7) + 11).
0
Evaluate (31 - 23) + (-11 - -3).
0
Evaluate (-2 - -2 - -3) + -4 - 1.
-2
What is the value of 6 - 2 - (-10 + 9)?
5
Calculate 1 + -5 - (2 + -5).
-1
Calculate 0 - (1 + 0 - -1) - -6.
4
Calculate (0 - -10 - -4) + -4 - 4.
6
2 - 4 - ((-4 - 0) + 7)
-5
Calculate 2 + -3 + 3 + -1.
1
Evaluate -1 + 2 - (-17 + 6 + 9).
3
What is -3 - (1 - (10 + -7))?
-1
2 + 10 + (-6 - 0)
6
What is the value of 2 - ((6 - (2 - -1)) + -5)?
4
What is the value of -1 + 0 + -4 + 1 + 5?
1
What is -24 + 31 + 1 + -4?
4
(2 - 3) + (-4 - 0)
-5
6 + (-2 + 1 - 3)
2
Calculate -7 + 12 + (-1 - 6).
-2
What is 1 - (0 - 0 - (10 + -13))?
-2
Evaluate 0 - (-2 - (4 + -12)).
-6
What is the value of -2 + 2 + (17 - 6) + -19?
-8
Evaluate 5 - (-6 + 9 + -4).
6
Evaluate -1 + -11 + 6 + 2.
-4
-68 + 57 + 4 + -2
-9
Evaluate -7 - 2 - (1 - 6).
-4
What is 25 + -21 + 0 + 0 + 1?
5
What is (4 - (-5 - 1) - 3) + -2?
5
Calculate 5 + (-4 - (-2 + -2)).
5
Calculate -4 - (2 - 7 - -6).
-5
Calculate 3 + -4 + -2 - -1.
-2
Evaluate 2 - (1 - (7 + -10)).
-2
What is -4 - -1 - 1 - -9?
5
Calculate -1 + -7 + 2 + 3.
-3
Evaluate -2 + 3 + (-5 - -1) + 5.
2
What is 18 + -19 + (4 - 1)?
2
What is 3 + (-34 + 40 - (2 - -2))?
5
Calculate 8 - (7 - 6) - 4.
3
Calculate 13 + (1 - 5) - (0 - -5).
4
Calculate (1 - 18) + (55 - 44).
-6
What is the value of 3 - -1 - (5 + -2)?
1
What is the value of (3 - 1) + -5 + 8?
5
1 + -3 - (1 + -2 - 6)
5
7 + -2 + -3 + -6
-4
What is -4 - (-1 - (3 + -3))?
-3
What is 2 + -7 + 0 + 4?
-1
What is the value of (77 - 73) + 1 + -12 + -2?
-9
Evaluate 13 - (-8 + -9 + 24).
6
What is 9 - 16 - (-3 - 2)?
-2
What is (-3 - (-5 - 0)) + 1 + 4?
7
What is -1 + (6 - 2) + -54 + 54?
3
Evaluate (0 - (-11 - -8)) + -4 + -2.
-3
Evaluate (2 + -2 - 2 - -4) + -2.
0
Evaluate 48 + -44 - (1 - 3).
6
What is (-4 - (-5 + -1 + 1)) + -4?
-3
What is -4 + (-2 - -5) + 5 - 5?
-1
What is (4 - 2 - (3 + -4)) + 1?
4
What is the value of 7 + -1 + -2 + 5 + -5?
4
What is the value of 1 + -1 + 2 + -2 + 0?
0
Evaluate 6 - (-2 - -9 - 5).
4
(7 - (2 - 5) - 3) + -3
4
What is the value of -2 - (0 + 0) - -2 - -5?
5
Evaluate (18 - 4) + -6 + -10 + 0.
-2
What is the value of 2 + -3 + -5 - (23 + -23)?
-6
What is the value of 1 + -1 + 4 - -1?
5
What is -4 + (-2 + -2 - (-13 + 7))?
-2
Evaluate 3 + -3 - (4 + 0).
-4
What is the value of -31 - -28 - (0 - (3 - 0))?
0
Evaluate -5 - (-12 - -4 - -3).
0
What is 5 - (1 - (-4 + 2))?
2
-6 + -2 + 4 + 1 - -8
5
Evaluate (1 - (2 + 2)) + 5 - -3.
5
What is the value of -3 + -1 + -58 + 67?
5
Calculate (0 - (5 + 0)) + 3 + 8.
6
Calculate 0 + 3 + -2 + 1.
2
What is the value of -3 + (10 - 9) + 6?
4
What is -3 + 5 + (-1 - 4)?
-3
What is the value of 4 + (-4 - -4) - 0?
4
Calculate 3 - (2 + -2 + (4 - 1)).
0
What is the value of 14 - 7 - (3 - 0 - -3)?
1
What is -2 + (1 - -3) - 2?
0
Evaluate 4 - (-1 + -1 + -2 + 5).
3
Evaluate -1 - 4 - -10 - 10.
-5
Evaluate (1 - -1) + -267 + 272.
7
Evaluate -5 - 0 - (-1 - (4 - 1)).
-1
What is -3 + (3 - (-2 - -3) - 3)?
-4
Evaluate -3 - -3 - -2 - 4.
-2
What is (8 - -2) + (-7 - 0)?
3
Calculate 0 + 1 + 1 + (-44 - -37).
-5
What is (-3 - (0 + -2)) + -2?
-3
5 + -1 + -1 - 4
-1
What is the value of -2 - (3 + -4 - -4) - -12?
7
Calculate -79 + 71 - (-3 - 0).
-5
Calculate 10 - (6 + -4 + 0).
8
What is the value of 1 + -8 + 0 + 1?
-6
What is 6 - 3 - 2 - (0 + -3)?
4
Evaluate 7 + -6 + -2 - 1.
-2
Calculate (-4 - 0) + (3 - 0).
-1
What is 5 + -5 - -5 - 4?
1
What is the value of -3 + (2 - 1 - 0 - -1)?
-1
2 + (-4 - -2) - -3 - 5
-2
-138 + 136 + (0 + 0 - 1)
-3
3 - (6 - (4 - 3))
-2
0 + 1 + -3 + -3
-5
(3 - 11) + 0 - -4
-4
What is the value of -6 + 1 + 11 - 5?
1
What is 0 - ((-5 - -4) + 1) - 3?
-3
-1 + 6 + 7 + -17 - 1
-6
Calculate 0 - -3 - (26 + 9 - 25).
-7
Evaluate (3 - (7 - (0 + 3))) + -2.
-3
What is (6 - 1 - 3) + -1 + -3?
-2
(-3 - 2 - -8) + 1
4
What is the value of 6 - 6 - (-2 - 0 - -4)?
-2
What is the value of -2 - (0 - 5) - (-1 - -4)?
0
Evaluate -5 - -4 - 8 - (-1 - 6).
-2
Evaluate 5 + -2 + (-21 - -24).
6
(8 - 4) + -15 - (-4 + -1)
-6
Evaluate -1 + (-6 - -5) + 7.
5
What is -1 + -4 - (-12 - -13 - 2)?
-4
What is 4 - (-3 + 5) - (-5 + 8)?
-1
Evaluate (-7 - -5) + (-3 - -3).
-2
Calculate 9 + -7 + (2 - (0 - 1)).
5
What is 6 - (-2 + 14 + -11 + 6)?
-1
What is the value of ((2 - 7) + 2 - -1) + -1?
-3
What is -2 - (-2 + (0 - (-1 - 2)))?
-3
-4 - (0 + -4 + 1)
-1
Evaluate -2 - (3 + -9 - -3).
1
What is the value of (2 - (5 - 3)) + 4 + -4?
0
Evaluate 4 - (3 + 1 + 3).
-3
What is the value of -2 + -2 + 2 - -4?
2
(2 - (4 - 5) - -2) + -2
3
Evaluate -1